ivided by 8.
5
Suppose 4*u = -16, 3*u - u = 2*y - 88. Calculate the remainder when y is divided by 22 + -1*(1 - 0).
19
Suppose -5*x + 176 = -x. Suppose 5*h - 105 = -5*p, -3*p - 5 - 12 = -2*h. Calculate the remainder when x is divided by h.
12
Let i(o) = 4*o**2 + 3*o - 53. What is the remainder when i(9) is divided by 51?
43
Let j(g) = 3*g**2 - 3*g. Let o be -2*(-9)/45*10/4. Calculate the remainder when j(-4) is divided by 2*o*9/(45/40).
12
Suppose -2*u + 39 = u. Let g(v) = v**2 - 13*v. Let n be g(u). What is the remainder when (8 + 7)/(1 + n) is divided by 6?
3
Let z = -2164 - -2308. Calculate the remainder when z is divided by 130.
14
Suppose 2*l = l - 16. Let n = 0 - l. Calculate the remainder when 4 is divided by -1 + 7/(28/n).
1
Let i = -38 + 45. Let w = 48 - i. What is the remainder when w is divided by 11?
8
Let n(y) be the second derivative of -3*y**3/2 - 37*y**2/2 - 15*y. Calculate the remainder when n(-7) is divided by 10.
6
Let t(a) = -3*a**3 - 3*a**2 - 3*a + 4. Let k be t(-3). Let p = k + -32. What is the remainder when p is divided by (11 - -3) + 434/93 + 2/(-3)?
17
Let s be (-11)/(-33)*(1 - -5). Calculate the remainder when 92 is divided by -7 + 9 + (32 - s).
28
Suppose 2*k - 2*n - 112 = 0, 0 = k + 4*n - 6*n - 61. What is the remainder when k is divided by 9?
6
Suppose 9*c - 19*c = -580. Calculate the remainder when 185 is divided by c.
11
Let v(m) = -5*m + 152. What is the remainder when 28 is divided by v(28)?
4
Suppose 25 = -4*s - 0*p - 5*p, s = 4*p + 20. Suppose s = 3*r - 4*x, 0 = -5*r - x + 3*x. Calculate the remainder when 2*(-2 + r) - -11 is divided by 5.
2
Let b(t) = -2*t**2 - 41*t - 24. Let d be b(-21). Calculate the remainder when ((d/6)/(-5))/(3/54) is divided by 6.
3
Suppose -l - 4*l + 10 = 0. Suppose -r + 29 = l*n + 9, 0 = 2*n - 4*r - 30. Calculate the remainder when 40 is divided by n.
7
Let z(w) be the third derivative of 7*w**4/8 + w**3/6 + 48*w**2. What is the remainder when 40 is divided by z(1)?
18
Let l = -23 - -94. Calculate the remainder when l is divided by 8.
7
Let h(g) = 6*g - 11 - 2*g - 2*g. Let p be h(8). Suppose 3*o - 47 = -5*f, -4*o = -p*f + 48 + 6. What is the remainder when 27 is divided by f?
7
Let p = 47 + -37. Let n(m) = -2*m**3 - 2*m**2 - m - 2. Let s be n(-2). Suppose 28 = 5*a + s. What is the remainder when p is divided by a?
2
Let g = -20 + 32. Calculate the remainder when 55 is divided by g.
7
Let p(w) = w + 2. Let b(c) = -3*c - 5. Let g(z) = 3*b(z) + 8*p(z). Calculate the remainder when 22 is divided by g(-7).
6
Suppose -4*z + 8 + 52 = 0. What is the remainder when 13/((-520)/870)*-4 is divided by z?
12
Suppose 5 = 5*i - 5*f, -3*i = -5*f - 0 - 5. Suppose -8*x + 6*x + 20 = i. What is the remainder when 36 is divided by x?
6
Let g = 83 - 48. Let d(n) = n**3 - 4*n**2 - 5*n + 4. Let v be d(5). Suppose -5*m + v = -6, -2*m = -4*y + 32. Calculate the remainder when g is divided by y.
8
Suppose -5*f - 2*u - 24 = -155, 4*f = 3*u + 91. Calculate the remainder when 79 is divided by f.
4
Let w = -988 + 1014. What is the remainder when w is divided by 5?
1
Suppose -5*q + 3*d + 15 = 0, 0*q - 5*q + d = -5. Let g = 22 - q. What is the remainder when 63 is divided by g?
19
Suppose 5*f - 4*q - 16 = f, -2*f + 4*q = -6. Suppose -2*m + f*j + 111 = -22, -4*m = 5*j - 191. What is the remainder when m is divided by 12?
6
Calculate the remainder when 61 is divided by 2150/250 + -2*(-2)/10.
7
Let j = -17 - -44. Let z(m) = 0*m + 2 - 2*m + 3*m**2 - 3. Calculate the remainder when j is divided by z(2).
6
Suppose 15 = -6*u + 9*u. Let t(s) = s + 8. What is the remainder when 32 is divided by t(u)?
6
Let x(j) = j**3 - 3*j**2 + j. Suppose -5*i + i = -2*h - 12, -3*h - 10 = -2*i. Let u be x(i). Calculate the remainder when 79 is divided by (9*-2)/(u/3).
25
Suppose 4521 = 31*l + 2*l. Calculate the remainder when l is divided by 69.
68
Suppose -h - 3*g = -44, 4*h = 3*g - 0*g + 161. Suppose 3*k - 21 = -5*j + h, 4*j = -k + 30. Calculate the remainder when 38 is divided by k.
10
Let q = 387 - 377. What is the remainder when 297 is divided by q?
7
Suppose -4*b = 6*b - 3*b. Let q(w) = 2*w + 158. Calculate the remainder when q(b) is divided by 40.
38
Suppose -3*o + w - 5*w + 78 = 0, -3*o + 4*w = -102. Suppose -5*x + x - 40 = 0. What is the remainder when 61 is divided by ((-64)/x)/(12/o)?
13
Let u = 8 - 4. Calculate the remainder when 6 - (-9 + 15 + -10) is divided by u.
2
Let m be (1/2)/((-2)/8). Suppose -197 = -3*g - 140. Calculate the remainder when (-1 - (-142)/(-4))*m is divided by g.
16
Let x(f) = -7*f - 2 - 4 - 9. Let t be x(-6). Suppose 7 + t = 2*r. What is the remainder when 65 is divided by r?
14
Suppose -8*x + 9 = -5*x. Suppose -5*w + 32 + x = 0. Calculate the remainder when 25 is divided by w.
4
Let i = -10 - -16. Let t = -26 - -8. Calculate the remainder when (-95)/135*-33 - (-4)/t is divided by i.
5
Let q = -140 - -291. Let u = q + -103. Suppose -3*a - u = -138. Calculate the remainder when a is divided by 16.
14
What is the remainder when -411*5/(-15) + -7 is divided by 49?
32
Let m = 23 - 19. Suppose -20 = m*t, 5*r + 5*t - 55 = 35. What is the remainder when r is divided by 12?
11
Let p(k) = -27*k + 144. Calculate the remainder when 200 is divided by p(3).
11
Suppose 0 = n - 2*n + 16. Let k = n + -6. Calculate the remainder when 34/(-2)*(-3 + 2) is divided by k.
7
Let v = 23 + -41. Suppose 5*z - 32 - 93 = 0. Let b = z + v. Calculate the remainder when b is divided by 3.
1
Let h(z) = -5*z + 347. What is the remainder when h(10) is divided by 100?
97
Let n be -12*(-3)/((-36)/(-32)). Let l = n - 28. Let w = 10 - 4. What is the remainder when w is divided by l?
2
Let h(r) = -19 - 26 + 60 + r. Let d be h(-11). Suppose 2*f + d*o - 34 = 0, -f - o = -3*f + 24. What is the remainder when 50 is divided by f?
11
Let m = 30 + -27. Suppose 19 = m*w + c, -2*w - 5*c = -c - 6. Calculate the remainder when 26 is divided by w.
5
Let z = -138 + 144. Calculate the remainder when 41 is divided by z.
5
Calculate the remainder when 43 is divided by (-42)/18*12/(-2).
1
Let r(t) = 24*t**2 - t - 1. Let u = 106 + -75. Suppose 4*c = 21 + u. What is the remainder when r(-1) is divided by c?
11
Let f(b) = -7*b + 343. What is the remainder when 173 is divided by f(44)?
33
Let q = -74 - -74. Suppose q = -4*j + 2*n - 5*n + 383, 3*j = -2*n + 287. What is the remainder when j is divided by 24?
23
Let u(x) = 33*x - 61. What is the remainder when u(20) is divided by 67?
63
Calculate the remainder when -2 - (-11 + (12 - 7)) - -865 is divided by 29.
28
Let g(j) = j**3 - 3*j**2 - 4*j + 2. Let z be g(6). Suppose -4*y + 250 = -z. Calculate the remainder when y is divided by 29 + ((1 - 3) + 2)/(-1).
26
Suppose -22*a - 40 + 678 = 0. What is the remainder when 70 is divided by a?
12
Calculate the remainder when 28713/323 + 4/38 is divided by 20.
9
Suppose -4*o - 39 = -103. What is the remainder when 111 is divided by o?
15
Suppose -2*h + 36 = -2*j - 0*h, 99 = -5*j - 4*h. Let m = j + 23. Suppose 4*u + 4 = 0, -m*d + 2*u = 5*u - 13. What is the remainder when 14 is divided by d?
2
Let b = -2 + 3. Suppose -2*y = -3*c - 77, -2*c + 3*c = -b. Let q(i) = 38*i + 314. What is the remainder when y is divided by q(-8)?
7
Let w = -18 - -21. Suppose 0 = m + w*j - 119 + 10, -5*m - 3*j = -509. What is the remainder when m is divided by 34?
32
Let x = 730 + -415. What is the remainder when x is divided by 80?
75
Let r(o) = -3*o**3 - 5*o**2 + 12*o - 9. Let g be r(4). Let v = 351 + g. What is the remainder when v is divided by 30?
28
Let s(y) = -4*y + 19. Let m be s(5). Let n be m/1 - (-5 + 2). Suppose 0 = 3*b - n*z - 45, 2*b - 2*z - 2*z = 22. What is the remainder when 66 is divided by b?
15
Suppose w + 1 = 2*u, 4*w - 4*u - 49 + 41 = 0. Suppose -2*c = y - 40, c + 0*c = 5*y - 2. What is the remainder when c is divided by w?
3
Let u(h) = -h**3 + 7*h**2 - h - 20. Calculate the remainder when 109 is divided by u(5).
9
Let l(n) = -26*n**2 + n + 2. Let g be l(-1). Calculate the remainder when 97 is divided by (g/(-10))/((-3)/(-30)).
22
Let z = -17 - -60. Let f = -615 + 637. What is the remainder when z is divided by f?
21
Let y = -919 - -1022. Calculate the remainder when 409 is divided by y.
100
Let h(w) = -38*w - 935. What is the remainder when h(-27) is divided by (2 + -1)/(-1)